{"id":117,"date":"2014-05-07T22:52:38","date_gmt":"2014-05-07T22:52:38","guid":{"rendered":"http:\/\/tomatisagrafica.com\/?page_id=117"},"modified":"2021-04-12T14:00:20","modified_gmt":"2021-04-12T14:00:20","slug":"trayectoria","status":"publish","type":"page","link":"http:\/\/tomatisagrafica.com\/?page_id=117","title":{"rendered":"trayectoria"},"content":{"rendered":"<p><span style=\"color: #800000;\">Paola Guerrica Echevarr\u00eda<\/span><span style=\"color: rgba(0, 0, 0, 0.9);\">, dise\u00f1adora gr\u00e1fica por la Universidad de Buenos Aires. Trabaj\u00f3 en agencias de marketing, estudios de dise\u00f1o y de manera free-lance en Argentina, Francia y Espa\u00f1a donde actualmente reside. Los \u00faltimos a\u00f1os los desarroll\u00f3 en el seno del Departamento de Marketing y Comunicaci\u00f3n de una empresa multinacional. H<\/span><span style=\"font-size: inherit;\">oy en d\u00eda se dedica en su mayor parte al dise\u00f1o corporativo y especializ\u00e1ndose en dise\u00f1o UX\/UI.<\/span><\/p>\n<p>\u00a0<\/p>\n\n\n<p><\/p>\n","protected":false},"excerpt":{"rendered":"<p>Paola Guerrica Echevarr\u00eda, dise\u00f1adora gr\u00e1fica por la Universidad de Buenos Aires. Trabaj\u00f3 en agencias de marketing, estudios de dise\u00f1o y de manera free-lance en Argentina, Francia y Espa\u00f1a donde actualmente\u2026 <span class=\"read-btn\"><a class=\"read-more\" href=\"http:\/\/tomatisagrafica.com\/?page_id=117\">Read More &rarr;<\/a><\/span><\/p>\n","protected":false},"author":1,"featured_media":0,"parent":0,"menu_order":0,"comment_status":"closed","ping_status":"closed","template":"","meta":[],"_links":{"self":[{"href":"http:\/\/tomatisagrafica.com\/index.php?rest_route=\/wp\/v2\/pages\/117"}],"collection":[{"href":"http:\/\/tomatisagrafica.com\/index.php?rest_route=\/wp\/v2\/pages"}],"about":[{"href":"http:\/\/tomatisagrafica.com\/index.php?rest_route=\/wp\/v2\/types\/page"}],"author":[{"embeddable":true,"href":"http:\/\/tomatisagrafica.com\/index.php?rest_route=\/wp\/v2\/users\/1"}],"replies":[{"embeddable":true,"href":"http:\/\/tomatisagrafica.com\/index.php?rest_route=%2Fwp%2Fv2%2Fcomments&post=117"}],"version-history":[{"count":18,"href":"http:\/\/tomatisagrafica.com\/index.php?rest_route=\/wp\/v2\/pages\/117\/revisions"}],"predecessor-version":[{"id":430,"href":"http:\/\/tomatisagrafica.com\/index.php?rest_route=\/wp\/v2\/pages\/117\/revisions\/430"}],"wp:attachment":[{"href":"http:\/\/tomatisagrafica.com\/index.php?rest_route=%2Fwp%2Fv2%2Fmedia&parent=117"}],"curies":[{"name":"wp","href":"https:\/\/api.w.org\/{rel}","templated":true}]}}